{"id":58,"date":"2015-04-25T21:50:40","date_gmt":"2015-04-25T19:50:40","guid":{"rendered":"http:\/\/www.bowtech-praxis-bamberg.de\/?page_id=58"},"modified":"2017-10-19T11:42:07","modified_gmt":"2017-10-19T11:42:07","slug":"willkommen","status":"publish","type":"page","link":"https:\/\/www.bowtech-praxis-bamberg.de\/","title":{"rendered":"Willkommen"},"content":{"rendered":"<p class=\"Text12\" style=\"text-align: left;\"><strong><span style=\"color: #808080;\"><span style=\"color: #008000;\">Ich freue mich, dass Sie Ihr Weg zu mir f\u00fchrt.<\/span><\/span><\/strong><\/p>\n<p class=\"Text12\" style=\"text-align: left;\" align=\"center\"><span style=\"color: #008000;\"><strong> <a style=\"color: #008000;\" href=\"http:\/\/www.bowtech-praxis-bamberg.de\/wp-content\/uploads\/2015\/04\/Eva-Diel.jpg\"><br \/>\n<\/a><\/strong><span style=\"color: #808080;\"><b>Mein Name ist Eva Diel.<\/b><\/span><\/span><\/p>\n<p class=\"Text12\" style=\"text-align: left;\" align=\"center\">Ich bin Bowtech-Practitioner seit April 2012<br \/>\nund Mitglied im Bowtech Deutschland e.V.<br \/>\nund im Internationalen Bowenverein.<\/p>\n<p>Hauptberuflich bin ich als Krankenschwester t\u00e4tig, habe aber aus Begeisterung f\u00fcr die Bowen-Technik nebenberuflich eine Praxis er\u00f6ffnet.<br \/>\nDie Anwendungen haben das Ziel, Anspannungen und Blockaden zu l\u00f6sen und die Selbstheilungskr\u00e4fte des K\u00f6rpers anzuregen.<\/p>\n<p>Meine Homepage bietet Ihnen einen Einblick wer ich bin, welche Ausbildungen ich im Gesundheitswesen absolviert habe. Durch eigene Erfahrungen als Klientin bin ich zu Bowtech gekommen und habe mich sehr schnell dazu\u00a0 entschlossen, diese sanfte und dennoch sehr wirkungsvolle Gesundheitsunterst\u00fctzung auch anderen Menschen zugute kommen zu lassen.<\/p>\n<p>Vielen Dank f\u00fcr Ihr Interesse und den Besuch meiner Homepage &#8211; vielleicht kann ich Ihnen zu interessanten Informationen \u00fcber Bowtech verhelfen, vielleicht kann BOWTECH<span style=\"color: #000000; font-family: Arial; font-size: medium;\">\u00ae<\/span>\u00a0 auch zu Ihrer Gesundheit beitragen.<\/p>\n<hr \/>\n<p><em><span style=\"color: #999999;\">Wenn Sie einen Termin vereinbaren m\u00f6chten, so k\u00f6nnen Sie mich per <\/span><\/em><br \/>\n<em><span style=\"color: #999999;\">Mail: eva.diel\/at\/web.de oder Telefon: 015774103647 kontaktieren.<\/span><\/em><\/p>\n","protected":false},"excerpt":{"rendered":"<p>Ich freue mich, dass Sie Ihr Weg zu mir f\u00fchrt. Mein Name ist Eva Diel. Ich bin Bowtech-Practitioner seit April 2012 und Mitglied im Bowtech Deutschland e.V. und im Internationalen Bowenverein. Hauptberuflich bin ich als Krankenschwester t\u00e4tig, habe aber aus Begeisterung f\u00fcr die Bowen-Technik nebenberuflich eine Praxis er\u00f6ffnet. Die Anwendungen haben das Ziel, Anspannungen und &hellip; <a href=\"https:\/\/www.bowtech-praxis-bamberg.de\/\" class=\"more-link\"><span class=\"screen-reader-text\">Willkommen<\/span> weiterlesen<\/a><\/p>\n","protected":false},"author":2,"featured_media":0,"parent":0,"menu_order":0,"comment_status":"closed","ping_status":"open","template":"","meta":[],"_links":{"self":[{"href":"https:\/\/www.bowtech-praxis-bamberg.de\/index.php?rest_route=\/wp\/v2\/pages\/58"}],"collection":[{"href":"https:\/\/www.bowtech-praxis-bamberg.de\/index.php?rest_route=\/wp\/v2\/pages"}],"about":[{"href":"https:\/\/www.bowtech-praxis-bamberg.de\/index.php?rest_route=\/wp\/v2\/types\/page"}],"author":[{"embeddable":true,"href":"https:\/\/www.bowtech-praxis-bamberg.de\/index.php?rest_route=\/wp\/v2\/users\/2"}],"replies":[{"embeddable":true,"href":"https:\/\/www.bowtech-praxis-bamberg.de\/index.php?rest_route=%2Fwp%2Fv2%2Fcomments&post=58"}],"version-history":[{"count":2,"href":"https:\/\/www.bowtech-praxis-bamberg.de\/index.php?rest_route=\/wp\/v2\/pages\/58\/revisions"}],"predecessor-version":[{"id":238,"href":"https:\/\/www.bowtech-praxis-bamberg.de\/index.php?rest_route=\/wp\/v2\/pages\/58\/revisions\/238"}],"wp:attachment":[{"href":"https:\/\/www.bowtech-praxis-bamberg.de\/index.php?rest_route=%2Fwp%2Fv2%2Fmedia&parent=58"}],"curies":[{"name":"wp","href":"https:\/\/api.w.org\/{rel}","templated":true}]}}

<p class="Text12" style="text-align: left;"><strong><span style="color: #808080;"><span style="color: #008000;">Ich freue mich, dass Sie Ihr Weg zu mir führt.</span></span></strong></p>
<p class="Text12" style="text-align: left;" align="center"><span style="color: #008000;"><strong> <a style="color: #008000;" href="http://www.bowtech-praxis-bamberg.de/wp-content/uploads/2015/04/Eva-Diel.jpg"><br />
</a></strong><span style="color: #808080;"><b>Mein Name ist Eva Diel.</b></span></span></p>
<p class="Text12" style="text-align: left;" align="center">Ich bin Bowtech-Practitioner seit April 2012<br />
und Mitglied im Bowtech Deutschland e.V.<br />
und im Internationalen Bowenverein.</p>
<p>Hauptberuflich bin ich als Krankenschwester tätig, habe aber aus Begeisterung für die Bowen-Technik nebenberuflich eine Praxis eröffnet.<br />
Die Anwendungen haben das Ziel, Anspannungen und Blockaden zu lösen und die Selbstheilungskräfte des Körpers anzuregen.</p>
<p>Meine Homepage bietet Ihnen einen Einblick wer ich bin, welche Ausbildungen ich im Gesundheitswesen absolviert habe. Durch eigene Erfahrungen als Klientin bin ich zu Bowtech gekommen und habe mich sehr schnell dazu  entschlossen, diese sanfte und dennoch sehr wirkungsvolle Gesundheitsunterstützung auch anderen Menschen zugute kommen zu lassen.</p>
<p>Vielen Dank für Ihr Interesse und den Besuch meiner Homepage &#8211; vielleicht kann ich Ihnen zu interessanten Informationen über Bowtech verhelfen, vielleicht kann BOWTECH<span style="color: #000000; font-family: Arial; font-size: medium;">®</span>  auch zu Ihrer Gesundheit beitragen.</p>
<hr />
<p><em><span style="color: #999999;">Wenn Sie einen Termin vereinbaren möchten, so können Sie mich per </span></em><br />
<em><span style="color: #999999;">Mail: eva.diel/at/web.de oder Telefon: 015774103647 kontaktieren.</span></em></p>

<p>Ich freue mich, dass Sie Ihr Weg zu mir führt. Mein Name ist Eva Diel. Ich bin Bowtech-Practitioner seit April 2012 und Mitglied im Bowtech Deutschland e.V. und im Internationalen Bowenverein. Hauptberuflich bin ich als Krankenschwester tätig, habe aber aus Begeisterung für die Bowen-Technik nebenberuflich eine Praxis eröffnet. Die Anwendungen haben das Ziel, Anspannungen und &hellip; <a href="https://www.bowtech-praxis-bamberg.de/" class="more-link"><span class="screen-reader-text">Willkommen</span> weiterlesen</a></p>
